71376
In base 2, what is -1011110010 - -101110111?
-101111011
In base 2, what is 110000100110 + -11101110?
101100111000
In base 4, what is 132232322 + 3?
132232331
In base 11, what is 1 - 1138410?
-113840a
In base 5, what is 310 + 3130013?
3130323
In base 14, what is 640c7d + -3?
640c7a
In base 12, what is ab10 - -a7?
abb7
In base 5, what is 20312 + -2432?
12330
In base 10, what is 3 + 327924?
327927
In base 8, what is -15302 + 303?
-14777
In base 15, what is 2 - 57687?
-57685
In base 3, what is -1020 + 12120220?
12112200
In base 14, what is -5 + -a6ad?
-a6b4
In base 10, what is -500 + -3415?
-3915
In base 8, what is 77536 + -20?
77516
In base 16, what is -7cf - 4?
-7d3
In base 7, what is -2062 - 6131?
-11223
In base 3, what is -12000202 + 1122?
-11222010
In base 16, what is -15 - -2484?
246f
In base 13, what is -86 + 6579?
64c3
In base 12, what is -2 + 2856?
2854
In base 12, what is -12 - -127366?
127354
In base 9, what is -88400 - -3?
-88386
In base 10, what is -5 + -7122?
-7127
In base 12, what is 3 + -228a6?
-228a3
In base 3, what is 1122222 + 2100?
1202022
In base 16, what is -cf3a60 + -5?
-cf3a65
In base 11, what is -4 - -16?
12
In base 5, what is 1243303 + -10?
1243243
In base 2, what is 100001011000010 - 101?
100001010111101
In base 4, what is 230031 - 23202?
200223
In base 9, what is 1180 - 273?
806
In base 14, what is -3 - -113d49?
113d46
In base 7, what is -43 + 1534?
1461
In base 12, what is 39810 + 0?
39810
In base 9, what is -426 - -7560?
7133
In base 10, what is 270070 - 5?
270065
In base 8, what is 25534 + -3?
25531
In base 13, what is 91a6 - 15?
9191
In base 9, what is 5 + -51?
-45
In base 3, what is -11 + -10001101122?
-10001101210
In base 3, what is 1 - -1102101102?
1102101110
In base 6, what is -15151032 + -2?
-15151034
In base 7, what is -13 - 431?
-444
In base 6, what is 22300423 - -1?
22300424
In base 12, what is 5 + 48b9?
4902
In base 7, what is 50331 + 14?
50345
In base 15, what is 5 + -e7a1?
-e79b
In base 14, what is -183 - 6092?
-6235
In base 7, what is 2613560 - 0?
2613560
In base 11, what is 2 + -7667?
-7665
In base 5, what is -2324 - 1343?
-4222
In base 7, what is -5525 + 21?
-5504
In base 3, what is -10 - -2020221221001?
2020221220221
In base 9, what is -6122 + 255?
-5756
In base 16, what is 0 - -8b9c6?
8b9c6
In base 4, what is -112332321 + -1?
-112332322
In base 12, what is 6b3 - 42?
671
In base 3, what is 11 - -11002021221?
11002022002
In base 3, what is -11122010112211 + 12?
-11122010112122
In base 6, what is -14401 + -355?
-15200
In base 16, what is -3 + dbf1?
dbee
In base 15, what is 8 - -4062?
406a
In base 5, what is 100 - -14411?
20011
In base 16, what is -3ba - -39?
-381
In base 16, what is 55 + -142?
-ed
In base 6, what is 54514 + 11?
54525
In base 8, what is 642 - 143?
477
In base 12, what is 494 - b2?
3a2
In base 12, what is 0 - 511b?
-511b
In base 3, what is -112 + 2212011001?
2212010112
In base 10, what is -18843 + 4?
-18839
In base 3, what is -1220 - -102002101?
102000111
In base 16, what is -1e60 - -89?
-1dd7
In base 15, what is 14c - -1?
14d
In base 13, what is 107 + 20?
127
In base 2, what is -11 + 1100010000?
1100001101
In base 3, what is 120201110020211 + 10?
120201110020221
In base 2, what is -1101111 + 111011?
-110100
In base 6, what is -231435 + 5?
-231430
In base 3, what is 11 + 2022221110?
2022221121
In base 9, what is -12 + -115821?
-115833
In base 8, what is 2 - 264646?
-264644
In base 14, what is 7 + d064b?
d0654
In base 14, what is 2cd59 - 9?
2cd50
In base 7, what is 1 - 1515662?
-1515661
In base 13, what is 4 + -677?
-673
In base 16, what is -b2e + -19?
-b47
In base 13, what is -63c + 3?
-639
In base 5, what is 12330442 - 3?
12330434
In base 14, what is -c1d + -14?
-c33
In base 13, what is 9a20c4 + -1?
9a20c3
In base 8, what is 2 + -124226?
-124224
In base 15, what is 1 + 46a79?
46a7a
In base 4, what is 11 - 103310031?
-103310020
In base 10, what is 203980 - 5?
203975
In base 9, what is -2434 - -5?
-2428
In base 15, what is 1d64 - -5?
1d69
In base 3, what is -101211011210 + -10?
-101211011220
In base 13, what is 50a00 - -5?
50a05
In base 8, what is 3 + 5143?
5146
In base 13, what is -a7c - 1a?
-a99
In base 4, what is 132 - 1102123?
-1101331
In base 2, what is 110100111001000 + -11?
110100111000101
In base 5, what is 13011420 - -13?
13011433
In base 6, what is -2 + 30050?
30044
In base 13, what is 2 + 5959?
595b
In base 13, what is 15cc + -19?
15b3
In base 6, what is 3214400 - 3?
3214353
In base 3, what is 2122 - 220221?
-211022
In base 9, what is -3313 + 11?
-3302
In base 2, what is -100011000110 + 1011?
-100010111011
In base 2, what is 111110011 - -11110001111?
100110000010
In base 12, what is -64 + -122?
-186
In base 3, what is -12 - -21001112021?
21001112002
In base 7, what is -164 + 530042?
526545
In base 2, what is 1110100100000 - 11001101?
1110001010011
In base 2, what is -10011001110 - 1000?
-10011010110
In base 3, what is 1 - 22202102120?
-22202102112
In base 2, what is 10010001010010000101 + 101?
10010001010010001010
In base 8, what is -27614 + -14?
-27630
In base 4, what is 3 + 10310?
10313
In base 9, what is 4721055 + 2?
4721057
In base 2, what is -1100011 - 111?
-1101010
In base 14, what is -10 - 9c4?
-9d4
In base 3, what is 1110 - 1112120?
-1111010
In base 3, what is -1010010 - 111?
-1010121
In base 11, what is -20344 - -4?
-20340
In base 10, what is -24886 - 4?
-24890
In base 9, what is 23 - -328?
352
In base 7, what is 43 - 32612?
-32536
In base 5, what is 2 - 400121?
-400114
In base 8, what is 133 - -2712?
3045
In base 10, what is 19334 + 4?
19338
In base 12, what is 45 + 4655?
469a
In base 6, what is -120144234 + 2?
-120144232
In base 8, what is 232 - 43?
167
In base 2, what is 0 + 100111111101011?
100111111101011
In base 12, what is 1 + -444656?
-444655
In base 15, what is b95 - 1a?
b7a
In base 16, what is e6e - a2?
dcc
In base 12, what is 0 + 31aab?
31aab
In base 13, what is 6b7 - 42?
675
In base 14, what is -11c91 + -3?
-11c94
In base 3, what is 111021010 + -20?
111020220
In base 16, what is 3 + -12990?
-1298d
In base 10, what is 3 - -456513?
456516
In base 14, what is b - -1400?
140b
In base 16, what is -22 + -243a?
-245c
In base 9, what is -64 + -1662?
-1736
In base 14, what is -b4 - -45d?
389
In base 9, what is 0 - -627036?
627036
In base 3, what is 202101 + -110012?
22012
In base 10, what is 73 + 739?
812
In base 3, what is 2112012 - 2111?
2102201
In base 4, what is 110023 + 3231?
113320
In base 2, what is 1 + -1001110011?
-1001110010
In base 4, what is -1 + -111113100?
-111113101
In base 13, what is 450b + 7?
4515
In base 7, what is 26 + -65444?
-65415
In base 14, what is -901d2 + 6?
-901ca
In base 14, what is dda4 + -1?
dda3
In base 15, what is 34 - bb9?
-b85
In base 10, what is -1675 + -262?
-1937
In base 4, what is -13112 + 1000223?
321111
In base 11, what is 9 + 9949?
9957
In base 7, what is 20205 + 304?
20512
In base 8, what is 0 + 67352?
67352
In base 2, what is 1010 - -10111110001000100?
10111110001001110
In base 8, what is -5510 + 0?
-5510
In base 13, what is a0 - -1733?
1803
In base 12, what is 1717435 + -3?
1717432
In base 13, what is 3 + 1b05?
1b08
In base 15, what is 3294c - 13?
32939
In base 14, what is -1388 + -13?
-139b
In base 2, what is 10011110010011 + -1?
10011110010010
In base 10, what is -60163 + 4?
-60159
In base 12, what is 18b406 - -a?
18b414
In base 15, what is e - -35?
44
In base 3, what is 1011011 + -100?
1010211
In base 5, what is 2 + -1103321?
-1103314
In base 5, what is 3 - 23213241?
-23213233
In base 13, what is 4 - -36052?
36056
In base 7, what is -26 + -12160?
-12216
In base 13, what is -1 + 84675?
84674
In base 11, what is 2 - 295193?
-295191
In base 4, what is 1 - -122232311?
122232312
In base 3, what is 211112 - -12?
211201
In base 10, what is -1301114 - 2?
-1301116
In base 10, what is -326085 - -4?
-326081
In base 13, what is -2c28 + 0?
-2c28
In base 7, what is 5 - -2330316?
2330324
In base 11, what is -422 - -30?
-3a2
In base 6, what is -15352421 - -1?
-15352420
In base 12, what is b9 + 3b28?
4025
In base 9, what is 226171 + -2?
226168
In base 11, what is -267 + 27?
-240
In base 12, what is 258 - -2952?
2baa
In base 16, what is -8 - -3740?
3738
In base 6, what is -54301013 - 4?
-54301021
In base 6, what is 5 - -104053